te the remainder when 156236 is divided by 818.
816
Calculate the remainder when 166634 is divided by 21.
20
What is the remainder when 6551 is divided by 18?
17
Calculate the remainder when 7419 is divided by 146.
119
What is the remainder when 3901 is divided by 16?
13
What is the remainder when 11001 is divided by 31?
27
What is the remainder when 3015 is divided by 3007?
8
What is the remainder when 209954 is divided by 4?
2
What is the remainder when 275261 is divided by 34?
31
Calculate the remainder when 257930 is divided by 98.
92
Calculate the remainder when 289528 is divided by 9.
7
What is the remainder when 2348175 is divided by 1714?
1709
Calculate the remainder when 2734 is divided by 2720.
14
What is the remainder when 27403 is divided by 1244?
35
Calculate the remainder when 1291278 is divided by 12.
6
What is the remainder when 612548 is divided by 208?
196
Calculate the remainder when 2655 is divided by 504.
135
What is the remainder when 771738 is divided by 41?
36
Calculate the remainder when 1480 is divided by 189.
157
Calculate the remainder when 194 is divided by 87.
20
What is the remainder when 11331 is divided by 1413?
27
What is the remainder when 346233 is divided by 11?
8
Calculate the remainder when 817019 is divided by 32.
27
What is the remainder when 98258 is divided by 106?
102
Calculate the remainder when 563282 is divided by 538.
534
Calculate the remainder when 349 is divided by 163.
23
Calculate the remainder when 127582 is divided by 567.
7
Calculate the remainder when 1405 is divided by 129.
115
Calculate the remainder when 1259 is divided by 399.
62
Calculate the remainder when 69143 is divided by 258.
257
What is the remainder when 55401 is divided by 200?
1
What is the remainder when 43560 is divided by 343?
342
What is the remainder when 963 is divided by 534?
429
What is the remainder when 115851 is divided by 549?
12
Calculate the remainder when 1387 is divided by 264.
67
What is the remainder when 117057 is divided by 472?
1
What is the remainder when 3475387 is divided by 736?
731
What is the remainder when 333143 is divided by 63?
62
Calculate the remainder when 96509 is divided by 24113.
57
Calculate the remainder when 55290 is divided by 11055.
15
What is the remainder when 985 is divided by 111?
97
What is the remainder when 40042 is divided by 345?
22
Calculate the remainder when 34248 is divided by 50.
48
What is the remainder when 37249 is divided by 53?
43
Calculate the remainder when 370463 is divided by 22.
5
What is the remainder when 458107 is divided by 15?
7
Calculate the remainder when 34455 is divided by 17143.
169
Calculate the remainder when 8738 is divided by 919.
467
What is the remainder when 14551 is divided by 21?
19
What is the remainder when 28436 is divided by 9474?
14
What is the remainder when 6112 is divided by 135?
37
What is the remainder when 34153 is divided by 8519?
77
What is the remainder when 3956 is divided by 88?
84
What is the remainder when 2131 is divided by 437?
383
Calculate the remainder when 21214 is divided by 53.
14
What is the remainder when 16869 is divided by 5?
4
What is the remainder when 74152 is divided by 253?
23
What is the remainder when 82010 is divided by 27333?
11
What is the remainder when 11654 is divided by 20?
14
Calculate the remainder when 1211070 is divided by 596.
594
Calculate the remainder when 2488430 is divided by 31.
29
Calculate the remainder when 5301 is divided by 7.
2
Calculate the remainder when 60989 is divided by 20313.
50
What is the remainder when 14066 is divided by 4687?
5
Calculate the remainder when 67426 is divided by 36.
34
Calculate the remainder when 312201 is divided by 44.
21
What is the remainder when 2751991 is divided by 1642?
1641
What is the remainder when 162735 is divided by 395?
390
What is the remainder when 4541 is divided by 32?
29
What is the remainder when 114915 is divided by 2017?
1963
Calculate the remainder when 610730 is divided by 61.
59
Calculate the remainder when 8367 is divided by 419.
406
What is the remainder when 7960 is divided by 2612?
124
What is the remainder when 12190 is divided by 30?
10
What is the remainder when 8996 is divided by 506?
394
What is the remainder when 5638 is divided by 397?
80
Calculate the remainder when 29064 is divided by 364.
308
What is the remainder when 163810 is divided by 7121?
27
Calculate the remainder when 18311 is divided by 3051.
5
Calculate the remainder when 679 is divided by 198.
85
What is the remainder when 2068 is divided by 263?
227
Calculate the remainder when 2199 is divided by 152.
71
What is the remainder when 565615 is divided by 11543?
8
Calculate the remainder when 1884 is divided by 623.
15
What is the remainder when 7513 is divided by 207?
61
What is the remainder when 30844 is divided by 7678?
132
Calculate the remainder when 22168 is divided by 887.
880
What is the remainder when 121036 is divided by 106?
90
What is the remainder when 117523 is divided by 429?
406
Calculate the remainder when 388278 is divided by 129421.
15
What is the remainder when 38873 is divided by 36?
29
What is the remainder when 275912 is divided by 137?
131
What is the remainder when 49972 is divided by 3117?
100
What is the remainder when 1017590 is divided by 18?
14
What is the remainder when 99527 is divided by 106?
99
Calculate the remainder when 2280 is divided by 36.
12
What is the remainder when 48359 is divided by 985?
94
Calculate the remainder when 3172 is divided by 3158.
14
What is the remainder when 42957 is divided by 8?
5
What is the remainder when 66591 is divided by 812?
7
What is the remainder when 10624 is divided by 46?
44
Calculate the remainder when 1381 is divided by 332.
53
What is the remainder when 11007 is divided by 10493?
514
What is the remainder when 39988 is divided by 13316?
40
What is the remainder when 30754 is divided by 342?
316
Calculate the remainder when 32700 is divided by 5450.
0
Calculate the remainder when 4918 is divided by 2341.
236
Calculate the remainder when 4899 is divided by 1220.
19
Calculate the remainder when 2468477 is divided by 181.
180
Calculate the remainder when 7930 is divided by 77.
76
Calculate the remainder when 3744 is divided by 28.
20
Calculate the remainder when 282417 is divided by 17.
13
What is the remainder when 1364846 is divided by 272967?
11
What is the remainder when 1678 is divided by 1536?
142
Calculate the remainder when 2886552 is divided by 743.
740
Calculate the remainder when 250577 is divided by 942.
5
What is the remainder when 326879 is divided by 40?
39
Calculate the remainder when 436573 is divided by 377.
7
Calculate the remainder when 30955 is divided by 2813.
12
What is the remainder when 622 is divided by 364?
258
What is the remainder when 720 is divided by 154?
104
Calculate the remainder when 430410 is divided by 293.
286
What is the remainder when 1636313 is divided by 480?
473
What is the remainder when 36231 is divided by 37?
8
Calculate the remainder when 112858 is divided by 1035.
43
Calculate the remainder when 159369 is divided by 233.
230
Calculate the remainder when 46757 is divided by 278.
53
What is the remainder when 8723 is divided by 964?
47
What is the remainder when 70811 is divided by 1201?
1153
What is the remainder when 1160 is divided by 78?
68
What is the remainder when 33102 is divided by 403?
56
Calculate the remainder when 5628 is divided by 421.
155
What is the remainder when 1013 is divided by 223?
121
Calculate the remainder when 4439 is divided by 203.
176
Calculate the remainder when 56554 is divided by 309.
7
What is the remainder when 2903 is divided by 601?
499
Calculate the remainder when 90261 is divided by 24.
21
Calculate the remainder when 8389 is divided by 10.
9
Calculate the remainder when 8363 is divided by 2736.
155
Calculate the remainder when 9423 is divided by 6.
3
What is the remainder when 21704 is divided by 478?
194
What is the remainder when 18087 is divided by 565?
7
Calculate the remainder when 1888 is divided by 375.
13
What is the remainder when 3115 is divided by 194?
11
Calculate the remainder when 515896 is divided by 28659.
34
Calculate the remainder when 3453 is divided by 112.
93
Calculate t